{"id":1328,"date":"2025-08-22T18:29:24","date_gmt":"2025-08-22T18:29:24","guid":{"rendered":"https:\/\/vanessadiasoficial.com.br\/diasbelezaecosmeticos\/?post_type=product&#038;p=1328"},"modified":"2025-08-22T18:47:14","modified_gmt":"2025-08-22T18:47:14","slug":"depile-plus-mel","status":"publish","type":"product","link":"https:\/\/vanessadiasoficial.com.br\/diasbelezaecosmeticos\/produto\/depile-plus-mel\/","title":{"rendered":"Depile Plus &#8211; M\u00e9todo Hidrossol\u00favel Mel"},"content":{"rendered":"<p data-start=\"415\" data-end=\"556\">\u2728 Cera Hidrossol\u00favel Depile Plus Mel \ud83c\udf6f (1,3kg). F\u00f3rmula natural, vegana, de f\u00e1cil remo\u00e7\u00e3o com \u00e1gua, hidrata\u00e7\u00e3o e suavidade para a pele. \ud83d\udc95<\/p>\n<p data-start=\"619\" data-end=\"835\">A <strong data-start=\"621\" data-end=\"670\">Cera Hidrossol\u00favel Depile Plus de Mel (1,3kg)<\/strong> foi desenvolvida para oferecer depila\u00e7\u00e3o eficiente com cuidado especial \u00e0 pele. Sua f\u00f3rmula natural e pr\u00e1tica garante conforto e nutri\u00e7\u00e3o durante todo o processo.<\/p>\n<p data-start=\"837\" data-end=\"1270\">\ud83c\udf38 <strong data-start=\"840\" data-end=\"860\">Remo\u00e7\u00e3o com \u00e1gua<\/strong> \u2192 f\u00e1cil de retirar, sem necessidade de \u00f3leo, garantindo pele limpa e sem res\u00edduos.<br data-start=\"943\" data-end=\"946\" \/>\ud83c\udf6f <strong data-start=\"949\" data-end=\"972\">Enriquecida com mel<\/strong> \u2192 poder nutritivo e hidratante, ideal para manter a pele macia ap\u00f3s a depila\u00e7\u00e3o.<br data-start=\"1053\" data-end=\"1056\" \/>\ud83d\udc95 <strong data-start=\"1059\" data-end=\"1087\">F\u00f3rmula vegana e natural<\/strong> \u2192 delicada e indicada para todos os tipos de pele, inclusive as mais sens\u00edveis.<br data-start=\"1167\" data-end=\"1170\" \/>\ud83d\udc97 <strong data-start=\"1173\" data-end=\"1198\">Depila\u00e7\u00e3o confort\u00e1vel<\/strong> \u2192 adere bem aos pelos, remove at\u00e9 os mais curtos, sem agredir a pele.<\/p>\n<p data-start=\"1272\" data-end=\"1440\">\ud83e\udd47 A Depile Plus \u00e9 refer\u00eancia em inova\u00e7\u00e3o no m\u00e9todo hidrossol\u00favel, oferecendo produtos que unem performance profissional e cuidado da pele, do pr\u00e9 ao p\u00f3s-depilat\u00f3rio.<\/p>\n<p data-start=\"1442\" data-end=\"1562\">\u2705 Resultado: pele lisinha, nutrida e cuidada, com o toque natural do mel e a qualidade de uma marca l\u00edder no segmento.<\/p>\n","protected":false},"excerpt":{"rendered":"<p>\u2728 Cera Hidrossol\u00favel Depile Plus Mel \ud83c\udf6f (1,3kg). F\u00f3rmula natural, vegana, de f\u00e1cil remo\u00e7\u00e3o com \u00e1gua, hidrata\u00e7\u00e3o e suavidade para a pele. \ud83d\udc95 A Cera Hidrossol\u00favel Depile Plus de Mel (1,3kg) foi desenvolvida para oferecer depila\u00e7\u00e3o eficiente com cuidado especial \u00e0 pele. Sua f\u00f3rmula natural e pr\u00e1tica garante conforto e nutri\u00e7\u00e3o durante todo o processo. [&hellip;]<\/p>\n","protected":false},"featured_media":1329,"comment_status":"open","ping_status":"closed","template":"","meta":[],"product_brand":[],"product_cat":[15,73],"product_tag":[],"class_list":{"0":"post-1328","1":"product","2":"type-product","3":"status-publish","4":"has-post-thumbnail","6":"product_cat-a-loja-da-epiladora","7":"product_cat-ceras-metodo-hidrossoluvel","9":"first","10":"instock","11":"sale","12":"shipping-taxable","13":"purchasable","14":"product-type-simple"},"_links":{"self":[{"href":"https:\/\/vanessadiasoficial.com.br\/diasbelezaecosmeticos\/wp-json\/wp\/v2\/product\/1328","targetHints":{"allow":["GET"]}}],"collection":[{"href":"https:\/\/vanessadiasoficial.com.br\/diasbelezaecosmeticos\/wp-json\/wp\/v2\/product"}],"about":[{"href":"https:\/\/vanessadiasoficial.com.br\/diasbelezaecosmeticos\/wp-json\/wp\/v2\/types\/product"}],"replies":[{"embeddable":true,"href":"https:\/\/vanessadiasoficial.com.br\/diasbelezaecosmeticos\/wp-json\/wp\/v2\/comments?post=1328"}],"wp:featuredmedia":[{"embeddable":true,"href":"https:\/\/vanessadiasoficial.com.br\/diasbelezaecosmeticos\/wp-json\/wp\/v2\/media\/1329"}],"wp:attachment":[{"href":"https:\/\/vanessadiasoficial.com.br\/diasbelezaecosmeticos\/wp-json\/wp\/v2\/media?parent=1328"}],"wp:term":[{"taxonomy":"product_brand","embeddable":true,"href":"https:\/\/vanessadiasoficial.com.br\/diasbelezaecosmeticos\/wp-json\/wp\/v2\/product_brand?post=1328"},{"taxonomy":"product_cat","embeddable":true,"href":"https:\/\/vanessadiasoficial.com.br\/diasbelezaecosmeticos\/wp-json\/wp\/v2\/product_cat?post=1328"},{"taxonomy":"product_tag","embeddable":true,"href":"https:\/\/vanessadiasoficial.com.br\/diasbelezaecosmeticos\/wp-json\/wp\/v2\/product_tag?post=1328"}],"curies":[{"name":"wp","href":"https:\/\/api.w.org\/{rel}","templated":true}]}}